28) - (-1908)/14 is divided by 35?
31
Suppose 0 = 2*d + 2*j - 56, 2*j + 168 = d + 4*d. Let h(q) = -q**2 + 42*q + 8. Calculate the remainder when h(39) is divided by d.
29
Let w = 1179 + -893. What is the remainder when w is divided by 78?
52
Let z be ((-6)/9 - 0)*3*-7. What is the remainder when (12/14 - (-2)/z) + 43 is divided by 12?
8
Suppose 252 - 44 = 4*i. Suppose 2*l + 2*l - i = 0. Suppose -4*w + 2*c + 146 = 0, 30*c - 32*c = -6. What is the remainder when w is divided by l?
12
Calculate the remainder when 344 - 240 - 2/(-1 + 0) is divided by 3.
1
Let c(z) = 4*z + 90. What is the remainder when 48 is divided by c(-18)?
12
Let l = 108 - 99. What is the remainder when 98 is divided by (-8)/(-12) + (438/l)/2?
23
Suppose -4 = 2*t, 0*w + w + 2*t = -76. Suppose m + 27 = 2*m. What is the remainder when m is divided by ((w/(-10))/(-3))/(51/(-170))?
3
Let s = 435 - 424. What is the remainder when 53 is divided by s?
9
Suppose 2*z + 3*z = 10. Let n be (-14)/(-21)*9/z. Suppose -n*o + 220 = -4*b, 124 = 2*o + b - 41. What is the remainder when o is divided by 27?
26
What is the remainder when 19 - -20 - 4/2 is divided by 10?
7
Suppose -34*v + 28 = -32*v - 2*x, -2*v + 5*x + 40 = 0. What is the remainder when 278 is divided by v?
8
Let j = 309 - 281. Calculate the remainder when 131 is divided by j.
19
Let d = -5 - -16. Suppose 17*m - 21*m = 5*c - 196, -142 = -3*m - 5*c. Calculate the remainder when m is divided by d.
10
Let u(f) = -f + 18. Suppose -3*w + 0*m + 54 = -4*m, m + 31 = 2*w. What is the remainder when 17 is divided by u(w)?
1
Suppose -120*c = -49*c - 37701. What is the remainder when c is divided by 131?
7
Suppose 0 = -0*f - 4*f + 12. Let r = -654 - -678. Calculate the remainder when r is divided by f.
0
Let k = 2 - -9. Suppose j - a = a + k, j - 5*a = 20. Suppose -c = 3*c - 8. What is the remainder when j is divided by c?
1
Suppose 9*j - 2*r = 286, 3*r + 66 = 5*j - 91. Calculate the remainder when 727 is divided by j.
23
Let y = 16012 + -10686. Suppose 5*t + 7604 = -y. Calculate the remainder when t/(-30) - 2/10 is divided by 22.
20
Suppose 4*z = 5*z - 11. Let k(x) = -1. Let s(c) = -29*c**2 - 2*c - 5. Let l(u) = 6*k(u) - s(u). What is the remainder when l(1) is divided by z?
8
Suppose -3*w - 4*j + 10 = -6*w, -3*w = -5*j + 14. Suppose 65 = -w*l + 7*l. Calculate the remainder when 24 is divided by l.
11
Suppose 8*f - 10*f + 12 = 0. What is the remainder when f/(-4)*(-3220)/69 is divided by 36?
34
Let d(m) = 8*m**2 - 2*m - 13. Calculate the remainder when d(-4) is divided by 35.
18
Let m(t) = -t**3 + 17*t**2 - 27*t - 22. Let h be (1 + (-3 - 1))/(12/(-60)). Calculate the remainder when 43 is divided by m(h).
20
Suppose -5*f = 3*o - 394, 5*f + 3*o - 404 = 5*o. Calculate the remainder when 1837 is divided by f.
77
Let b = -111 + 120. Calculate the remainder when 80 is divided by b.
8
Let v be 54/(-4)*(-2 + 0). Let k = 2 - v. Let d = -7 - k. What is the remainder when d is divided by 7?
4
Suppose 31 = l + 4*b, 2*b + 113 = 5*l + b. What is the remainder when 155 is divided by l?
17
Let x(d) = d**2 + 13*d. Let f(h) = h - 1. Let j be (-8)/32 + 6/(-8). Let c(a) = j*x(a) + 5*f(a). Calculate the remainder when 20 is divided by c(-4).
9
Let i = -113 + 111. Suppose 18 = u + 2*t, 0*u - 5*t - 7 = -4*u. Let z = u - i. Calculate the remainder when 38 is divided by z.
8
Suppose -2*k + 0 = -4. Let l be ((-5)/5 + 0)*-9. Suppose -2*w - b = -5, -3*w + k*b + 2 + l = 0. Calculate the remainder when w is divided by 3.
0
Suppose 4*s - 5*o = 73 - 10, -s = 3*o - 20. What is the remainder when 49 is divided by s?
15
Let c(m) = -m**3 - 2*m**2 + 1. Let g be c(-1). Let p(v) = 5 - v - 2*v + 2*v. Calculate the remainder when 12 is divided by p(g).
2
Suppose 2*g + 2*k = 114, -k + 4 = 3. Calculate the remainder when g is divided by 32.
24
Let u = -430 - -445. Calculate the remainder when 208 is divided by u.
13
Let r = -121 - -137. Calculate the remainder when 221 is divided by r.
13
Let s = 8231 + -8174. Suppose -2*t - 12 = t, 50 = 2*w - 5*t. Calculate the remainder when s is divided by w.
12
Suppose 4*q - 631 = 2565. What is the remainder when q is divided by 25?
24
Let d = 11 + -9. Suppose -x + u + 5 = 0, 3*x - d*x - 9 = -u. Let m = x + -3. What is the remainder when 10 is divided by m?
2
Suppose 2*f + 21 + 17 = -i, i + f + 38 = 0. Calculate the remainder when 73 is divided by (12 - 16)*i/4.
35
Let a(c) = c**3 + 8*c**2 + 53. What is the remainder when a(-8) is divided by 9?
8
Let n(o) = 12*o**3 + 2*o**2 + o. Suppose -5 = 2*z + 5*l, -3*z - 2*z + 13 = 4*l. Suppose 85 = z*h - 50. What is the remainder when n(2) is divided by h?
25
Suppose -517 = -21*m - 13. Calculate the remainder when m is divided by 15.
9
Let c be -3*(-6 + 20/5). Let r = c + -3. Calculate the remainder when r is divided by 1.
0
Let v = 29 + -9. Let w be (-2)/7 - 47/7. Let i = 14 + w. What is the remainder when v is divided by i?
6
Let f(b) = 8*b**2 + 1. Suppose 205 + 108 = 12*s + 1. What is the remainder when f(-3) is divided by s?
21
Suppose 15*k = -14*k + 1885. Calculate the remainder when k is divided by 13.
0
What is the remainder when 189 is divided by ((-24)/(-20))/((-557)/70 + 8)?
21
Suppose -271 = -18*n + 539. What is the remainder when n is divided by 13?
6
Let a = 508 - 301. What is the remainder when a is divided by 31?
21
Let m(w) = -7*w + 31. Let q(r) = -13 - 2 + 11*r - 6*r - 2*r. Let h(g) = 6*m(g) + 13*q(g). Calculate the remainder when 28 is divided by h(-8).
13
What is the remainder when 4092/18 + 2 - (-4)/6 is divided by 33?
32
Let h(d) = -28*d**3 + 58*d**2 + 57*d - 1. Calculate the remainder when 61 is divided by h(-1).
5
Let t(g) = -g**3 - 3*g**2 + 12*g + 17. Calculate the remainder when 26 is divided by t(-5).
5
Suppose -3*z + 95 = 3*b + 23, 0 = -2*b + 4*z + 66. What is the remainder when 180 is divided by b?
18
Suppose 49 = 3*c + 40. Calculate the remainder when 33 is divided by c.
0
Let q(x) = x**2 + 15*x - 191. What is the remainder when q(-24) is divided by 22?
3
Suppose -47*z + 3030 = -683. What is the remainder when z is divided by 28?
23
Suppose 4 = -2*u, 56 = -5*v + 7*v + 5*u. Suppose 372 = 3*r - 15. What is the remainder when r is divided by v?
30
Let a = -65 + 118. Let g(z) = z**3 - 9*z**2 + 9*z + 6. Calculate the remainder when a is divided by g(8).
11
Let u = -634 + 826. Calculate the remainder when u is divided by 15.
12
Let l = 262 + 86. Calculate the remainder when l is divided by 25.
23
Let u = -126 + 178. What is the remainder when u is divided by 12?
4
Let z(m) = -m**3 + 8*m**2 + 37*m - 98. Calculate the remainder when z(8) is divided by 10.
8
Let q be 21*-2*1 - -2. Let o = q + 64. Calculate the remainder when 70 is divided by o.
22
Suppose -4*i = 4*s - 56, s + 14 = 2*i - 17. Suppose 4*k = u - 19, 4*k + 2*u - 5 = -i. Let w = 14 + k. Calculate the remainder when 18 is divided by w.
8
Suppose -11 = 3*k - 26. Let p(g) = g**3 + 4*g**2 - 7 + k - 6*g + 7. What is the remainder when 17 is divided by p(-5)?
7
Let p(n) = -n**2 + 22*n - 26. Let w be p(19). Suppose 193 = 9*y + w. Let q(d) = d**2 - 2*d - 3. What is the remainder when y is divided by q(4)?
3
What is the remainder when (7 - 0) + 42 + -2 is divided by 28?
19
Calculate the remainder when (-1 + 0)*(-42 + -1) is divided by 22.
21
Let v(w) = 46*w**2 + 1. Let y(q) = 80*q - 464. What is the remainder when v(1) is divided by y(6)?
15
Let c(t) = t + 12. Let l be c(0). Let s be 19/4 + 3/l. Suppose j - 3*b + 1 - 20 = 0, -3*j + s = 4*b. What is the remainder when 19 is divided by j?
5
Let n(j) = 9*j + 1. What is the remainder when (-37)/((-4)/16*(1 + 3)) is divided by n(1)?
7
Let z be (6/(-21))/((-1)/7). Suppose -z*f = -0 - 10. Suppose 3*q = -f*q + 80. What is the remainder when 37 is divided by q?
7
Let v = -612 + 962. What is the remainder when v is divided by 44?
42
Let u(k) = -k + 5. Let p be u(6). Let x(f) = 35*f**2 + f. Let n be x(p). Suppose 4*q = n + 154. Calculate the remainder when q is divided by 16.
15
Let r = -8 - -26. Suppose -6*q + q = -600. Let h = q - 85. Calculate the remainder when h is divided by r.
17
Let r be (52 - 8)*2/4. Suppose -4*o = -t + r, -2*o = -3*t - 0*o + 36. Calculate the remainder when t is divided by 7.
3
Let j = -649 + 723. Calculate the remainder when 514 is divided by j.
70
Let v be (-32)/(